7 + 39)
-16
What is -8 + (21 - (17 + -6)) + -1?
1
What is (-53 - (10 + -56)) + -1 + 7?
-1
(2 - 3) + 2 + -16 + (-9 - -31)
7
Calculate -27 + -11 + 48 - -18.
28
(-3 - -7 - (-2 + 5)) + 6 - 5
2
What is 1 - (-207 + 208 - (-2 + 1 + -8))?
-9
Evaluate -7 - (3 + -4 + 5 - (-1 - -3)).
-9
Calculate -4 - (0 + 2 + -35 - (-24 - -18)).
23
What is the value of -33 - -34 - (10 + 17)?
-26
Calculate -1 + (-1 - -5) - (14 + 5).
-16
What is the value of ((9 - 5) + -10 + 7 - -5) + 4?
10
(-6 - -3 - 5) + 15
7
What is -32 + (-30 - (15 + -62))?
-15
Evaluate -8 + 1 + 13 + 6 + (0 - 3).
9
What is the value of -11 + (5 - -34) + -12 + 2?
18
What is 40 + (6 - 24) + (4 - -3) + 1?
30
Calculate 0 + (-11 + 19 - 10) + 13 + -1.
10
What is (-9 - ((-10 - 5) + 8)) + -5?
-7
Evaluate (0 - (-5 + 9) - -13) + -5.
4
What is -14 + (28 - 31) + 4 + (-1 - 1)?
-15
(-1 - -6) + -999 + 991
-3
Evaluate -3 + 0 - (13 + -10 - -11 - 39).
22
What is -831 + 881 - (16 + 0)?
34
0 - -3 - ((12 - 10) + -5) - -6
12
What is 499 - 477 - (35 + -1)?
-12
What is 0 - -4 - (5 + 11 + 14 + -9)?
-17
What is -56 + -11 + 75 + (19 - (0 + 0))?
27
What is -10 + (-18 + 10 - -14) - -17?
13
What is 14 + (7 - 13) + 6?
14
What is 0 - 5 - (-10 - (12 - 8))?
9
What is 2 + -2 - 6 - (-8 + 18)?
-16
What is the value of (5 + -9 - (13 - 13)) + 6?
2
Calculate -10 + (6 - (-20 + (16 - 18))).
18
13 - 4 - (-326 + 326)
9
What is the value of 25 + -13 + -14 + 4?
2
What is the value of -4 + (16 - 10) + -14?
-12
Evaluate 0 + 7 + -1 + -1 + (-5 - 3).
-3
Calculate (-13 - -1) + (-37 - -42) + 4.
-3
What is the value of 3 - -1 - (1 + 25 - -3)?
-25
Evaluate 2 + -10 + 2 - (-34 + -4 - -1).
31
Evaluate 6 + (-7 - (5 - 10)) + 5.
9
What is the value of 1 - (9 - (-9 + 8) - (-1 - 2))?
-12
11 - (12 + -2 + 14)
-13
Evaluate -15 - ((13 - 8) + -7 + -1).
-12
-2 + 1 - 1 - (-1354 + 1362)
-10
What is 33 + -41 + 7 + -5?
-6
What is 21 - ((78 - 37) + -3)?
-17
Evaluate 1 + 0 + (5 - 0) + -4 + 2.
4
Evaluate (45 - 43) + (3 - 6) + -6.
-7
12 - (-7 - -9) - (-19 + 3)
26
Evaluate (-108 - -97) + 4 + -2 + (2 - 1).
-8
46 - (-3 + (8 + -6 + 8 - 1))
40
Calculate (16 - (60 - 49)) + -1 + 3.
7
Calculate -3 + 3 - (-5 + 0) - (154 - 137).
-12
What is -23 + 3 + (26 - 1)?
5
Calculate 25 + -19 + 1 + 8.
15
What is -5 - (-12 - (6 - (7 + 2)))?
4
Evaluate -1 + -3 + (5 - (-7 - -18)) + 13.
3
Evaluate -12 + 1 + 48 + -15 + 1.
23
Calculate 27 + -8 - (16 + -17).
20
Calculate -1 - (-11 - (-1 - (3 - (7 + -6)))).
7
What is -2 + 11 + 2 + -659 + 628?
-20
Evaluate -2 + (0 - 4) + (1 - (4 + -9)).
0
Calculate -33 - (-20 + 0 + 10) - 15.
-38
What is -10 + (-1 + -18 - -12)?
-17
(-12 - (-43 - -5)) + -14
12
What is the value of -25 + 42 - (2 + -8 - -14)?
9
(8 - (28 - 23)) + -2
1
What is the value of -153 - -117 - (-33 - -3)?
-6
Evaluate -14 + -13 + 8 + -14 + 10.
-23
What is the value of 24 - (-33 - (-33 + -18))?
6
What is the value of -10 + 3 + 22 + -10?
5
22 - (-9 - (-6 - (20 + -7 + -10)))
22
19 + -12 + 0 + -13
-6
5 + -17 + (-9 - -19)
-2
664 - 678 - (-31 + 1)
16
What is the value of (-8 - 0) + 6 + -3 + (9 - 0)?
4
What is 4 - (1 + 31 - (16 - 13)) - -3?
-22
What is (20 - 2) + -15 - (2 + -2)?
3
Evaluate -4 + (1 + 0 - (-10 + (13 - 10))).
4
Calculate 32 - ((5 - 21 - -10) + 14).
24
(6 - ((6 - 3) + 0)) + 7 + -12
-2
Evaluate 11 + -40 - ((-7 - 16) + 8).
-14
What is the value of -35 - (17 - (-1 - (3 - 33)))?
-23
What is (-4 + 0 - 8) + 8 + -5?
-9
Evaluate (-25 + 2 - 26) + 26.
-23
-5 + 4 + 2 + (-6 - -4)
-1
Evaluate 9 + 22 + -38 + (0 - 4).
-11
Calculate (-18 - 1) + (-6 - 26) + 39.
-12
What is the value of 7 - (-8 + 9) - -4 - 9 - -6?
7
Calculate (-6 - -11) + (-6 - (1 + -3 - -2)).
-1
54 + -38 + (9 - 5) + -6
14
Calculate (2 + (5 - -1) - (-45 + 51)) + -40.
-38
-10 + (-2 - -7 - (-6 + 24 + -12))
-11
Evaluate 1 + -1 + 12 + 1622 + -1611.
23
2 + -4 + -2 - -16
12
Evaluate 13 + (7 - 25) - -28.
23
4 + (-18 - (36 - 63))
13
What is (262 - 260) + 0 + 0 + -18 + 0?
-16
What is the value of -14 + -14 + 10 + -10 + 3?
-25
What is (24 - 2) + -12 + (3 - 0)?
13
What is 6 + (-15 - (2 + 2 + -6 + -4))?
-3
Calculate -18 + 10 - (24 - 46).
14
Calculate -17 + -1 + 1 - (-76 + 69).
-10
Calculate 6 - (-8 + 5 + -2 - 3).
14
2 + -11 + 18 + (1 - 2) - -6
14
3 - ((2 - -3) + -5) - 11
-8
Evaluate 2 + ((14 - 4) + -5 - -6).
13
Evaluate -3 + -1 + -1 - (-3 - (-19 - -20)).
-1
Evaluate 54 + (-24 + -7 - -1).
24
10 - (17 + 1 - 25)
17
Calculate 44 + (3 - (37 + 29)).
-19
What is the value of -16 - (-5 + 16 + -23)?
-4
Evaluate -9 + (7 - (-14 + 6)) + -11.
-5
What is the value of 21 - (-3 - (-32 + 17))?
9
9 + (251 - 242 - (0 - -4))
14
What is the value of -32 - (-66 + 34) - 22?
-22
8 + -34 + (-11 + 5 - -16)
-16
What is (29 - (4 - (2 + -10))) + (-1 - -7)?
23
0 - -1 - ((6 - -2) + (-3 - 11))
7
What is 4 - (22 - 13) - (0 + -6)?
1
What is the value of 6 + ((12 - 14) + 0 - 9)?
-5
What is the value of 7 + -30 + 15 + 3?
-5
1 + 1 + 23 + -24 + (0 - 3)
-2
Calculate 10 + 4 - -2 - (-10 - (-10 - -3)).
19
Calculate -57 + 14 + 23 + 26.
6
Calculate 6 + (47 - 9) - (0 - -18).
26
What is the value of (3 - (4 + -6 - 0)) + 13 + 2?
20
Evaluate ((-5 - -1) + 2 - (-5 - -5)) + 2.
0
Evaluate 7 - (-7 - (-23 - -1)).
-8
Calculate 20 + (12 - 0) - 3.
29
Evaluate -31 + (6 - (-66 - -32)).
9
Evaluate -4 - (-5 + 3 - (-1 + 11 + -2)).
6
What is the value of -5 + (0 - -2) + 5 + -5?
-3
What is the value of 23 - 38 - -13 - (10 + 0)?
-12
What is (5 - (-50 + 35)) + 2 + -14?
8
What is (-1 - 6) + 120 + -125 + 23 + 0?
11
(-39 - -43) + 1 + 29 + -3 + -6
25
-12 - -2 - (-3 + 11 + (-2 - 6))
-10
1 - 18 - (-153 + 135)
1
What is the value of 57 + -41 + -26 + (-11 - -1)?
-20
What is 57 - (23 + 0) - 23?
11
What is 19 + ((-3 - 7) + 8 - 8)?
9
Calculate -19 - (-12 - (11 - -13)).
17
Calculate -26 + 20 - (-1 - -7).
-12
Evaluate (-10 - (-10 - -6)) + 17.
11
Evaluate (7368 - 7358) + 0 + 19 + -1.
28
What is the value of 15 + (4 - 0 - (309 - 284))?
-6
193 - 202 - (-2 + 0 + -1)
-6
Calculate 19 - 15 - (3 + 2 - 10).
9
3 + -29 - (4 - -6 - (74 - 70))
-32
What is the value of (-9 - (-3 + -7 + 2 - 9)) + -30?
-22
What is the value of 9 + 2 + -1 + (-1 - -18 - -5)?
32
What is 1 + -6 + 1 - (55 + -50)?
-9
Calculate -1 + -8 + 7 - (-3 - -10).
-9
(14 + -2 - 6) + 2
8
What is the value of -24 - (-2 + -55 - -38)?
-5
55 + -25 + (26 - 38)
18
What is 19 - (-17 - (-1 + 6 - 13))?
28
Evaluate (13 - -2) + -12 - -20.
23
Calculate -1 - -6 - (7 + (-21 + -6 - -8)).
17
What is (3 + -8 - 8) + 14 - (-2 + 22)?
-19
Calculate 11 + 14 - 12 - 7.
6
Evaluate (-6 - -13 - (-4 - -19)) + 25.
17
(-12 - -18) + 13 - 18
1
What is 8 + -50 + (-1 - (3 - (-2 + 12)))?
-36
Calculate (13 - 8) + 6 - (5 - -2).
4
Calculate 1 + 46 + -18 + (-2 - 2).
25
What is 65 - 58 - (21 + -1)?
-13
-8 + -2 + (-108 - -130)
12
(-15 - -9) + 8 + -15
-13
What is 194 - 221 - (0 - 12)?
-15
What is (-4 - ((-8 - 0) + 1 - -2)) + -26?
-25
Calculate (-9 - (-40 - -27)) + 10 + -3.
11
-6 - ((-7 - (-1 + -7) - -7) + -2)
-12
-1 - (-13 - -22 - 2) - (0 - 4)
-4
2 + 0 - (-8 + 24 + -1)
-13
Calculate -7 - (-16 - (-10 + 2)).
1
What is the value of 12 - (56 + -19 - 10)?
-15
What is the value of (15 - (-2 + 13)) + -11?
-7
Evaluate -1 + 17 - 27 - (-6 - -1).
-6
Calculate -44 + 16 + -20 + 39.
-9
Calculate (-3 - (8 - 13 - 1)) + -1.
2
2 + -19 - (-147 + 129)
1
Calculate (6 + -13 - -13) + -29 + 2 + 2.
-19
What is the value of 16 + -21 + 2 + -2 + (-3 - -9)?
1
(8 + -14 - 4) + (1 - (1 - -1))
-11
(-2 - 13) + 11 + 2
-2
What is the value of (9 - (3 - 2)) + (-53 - -32)?
-13
-9 - (-2 + ((0 - 6) + -9 - 3))
11
What is the value of (-70 - -62 - (0 + 2 - -6)) + -1?
-17
What is (63 - 46) + 3 + -15 + 11?
16
What is 9 + (11 - 22) + -10?
-12
Evaluate 11 - (8 - (-4 + 17 + -4)).
12
1 + 5 + 15 + (-8 - 9)
4
Evaluate -3 + 1 - (31 + -21 + -9).
-3
Calculate -14 + 2 + 7 + 6 - (1 + -6).
6
Evaluate (9 - 13) + (-3 - (-16 + -1)).
10
What is 5 + 9 + (-2 - -4 - 1)?
15
-3 - (-3 + -19) - (23 + -16)
12
Calculate (5 - 5) + (7 - 7 - 12).
-12
Evaluate (24 - (-6 + 3)) + (-5 + 2 - 1).
23
Calculate -32 + 18 + 1 - (-1 - 10).
-2
Evaluate 1 + -4 + 2 + -7 - (-12 + 0).
4
What is 4 - (16 + -14 + -15)?
17
Evaluate 1 + 7 + 29 + -20.
17
Calculate -15 - -50 - ((21 - 17) + -4).
35
Evaluate (12 - (1 + -2)) + (10 - (-38 - -54)).
7
Evaluate (-1 - 1 - -8) + 9 - 1.
14
Evaluate (4 - 2 - 4) + (21 - (-28 - -38)).
9
(51 + -41 - (1 + 0)) + 2 + -4
7
Evaluate 0 + (12 - -10) + -13.
9
Evaluate -18 + (15 + -8 - -10).